{"id":7837,"date":"2018-01-29T08:25:59","date_gmt":"2018-01-29T08:25:59","guid":{"rendered":"https:\/\/laorotava.salesianos.edu\/colegio\/?page_id=7837"},"modified":"2026-03-18T09:40:57","modified_gmt":"2026-03-18T09:40:57","slug":"comedor-escolar","status":"publish","type":"page","link":"https:\/\/laorotava.salesianos.edu\/colegio\/comedor-escolar\/","title":{"rendered":"Comedor escolar"},"content":{"rendered":"<div id=\"fb-root\"><\/div>\n<p>[et_pb_section fb_built=\u00bb1&#8243; fullwidth=\u00bbon\u00bb _builder_version=\u00bb4.16&#8243; global_colors_info=\u00bb{}\u00bb][et_pb_fullwidth_header title=\u00bbComedor Escolar y Acogida Matinal\u00bb module_class=\u00bbpagina-imagen-cabecera\u00bb _builder_version=\u00bb4.26.1&#8243; title_text_color=\u00bb#ffffff\u00bb title_font_size=\u00bb40px\u00bb background_color=\u00bbrgba(255, 255, 255, 0)\u00bb background_image=\u00bbhttps:\/\/laorotava.salesianos.edu\/colegio\/wp-content\/uploads\/sites\/2\/2024\/07\/Banner-comedor-Salesianos-LAO.png\u00bb background_position=\u00bbbottom_center\u00bb background_layout=\u00bblight\u00bb max_width_tablet=\u00bb50px\u00bb global_colors_info=\u00bb{}\u00bb button_one_text_size__hover_enabled=\u00bboff\u00bb button_two_text_size__hover_enabled=\u00bboff\u00bb button_one_text_color__hover_enabled=\u00bboff\u00bb button_two_text_color__hover_enabled=\u00bboff\u00bb button_one_border_width__hover_enabled=\u00bboff\u00bb button_two_border_width__hover_enabled=\u00bboff\u00bb button_one_border_color__hover_enabled=\u00bboff\u00bb button_two_border_color__hover_enabled=\u00bboff\u00bb button_one_border_radius__hover_enabled=\u00bboff\u00bb button_two_border_radius__hover_enabled=\u00bboff\u00bb button_one_letter_spacing__hover_enabled=\u00bboff\u00bb button_two_letter_spacing__hover_enabled=\u00bboff\u00bb button_one_bg_color__hover_enabled=\u00bboff\u00bb button_two_bg_color__hover_enabled=\u00bboff\u00bb][\/et_pb_fullwidth_header][\/et_pb_section][et_pb_section fb_built=\u00bb1&#8243; module_class=\u00bbpagina-seccion-contenido\u00bb _builder_version=\u00bb4.16&#8243; custom_padding=\u00bb0%|||\u00bb global_colors_info=\u00bb{}\u00bb][et_pb_row _builder_version=\u00bb4.27.2&#8243; _module_preset=\u00bbdefault\u00bb box_shadow_style=\u00bbpreset2&#8243; global_colors_info=\u00bb{}\u00bb][et_pb_column type=\u00bb4_4&#8243; _builder_version=\u00bb4.27.2&#8243; _module_preset=\u00bbdefault\u00bb global_colors_info=\u00bb{}\u00bb][et_pb_text _builder_version=\u00bb4.27.2&#8243; _module_preset=\u00bbdefault\u00bb global_colors_info=\u00bb{}\u00bb]<\/p>\n<p>Estimadas familias:<\/p>\n<p>Tal y como se\u00f1ala el art\u00edculo 6 de la Orden de 20 de junio de 2007, los servicios escolares que se organizan en el centro tienen car\u00e1cter voluntario, aseguran la no discriminaci\u00f3n para ning\u00fan miembro de la comunidad educativa y no tienen car\u00e1cter lucrativo.<\/p>\n<p>A continuaci\u00f3n, ofrecemos informaci\u00f3n sobre nuestra oferta de comedor y acogida matinal, as\u00ed como el formulario de inscripci\u00f3n.<\/p>\n<p>[\/et_pb_text][\/et_pb_column][\/et_pb_row][et_pb_row column_structure=\u00bb2_5,3_5&#8243; _builder_version=\u00bb4.17.6&#8243; _module_preset=\u00bbdefault\u00bb global_colors_info=\u00bb{}\u00bb][et_pb_column type=\u00bb2_5&#8243; _builder_version=\u00bb4.17.6&#8243; _module_preset=\u00bbdefault\u00bb global_colors_info=\u00bb{}\u00bb][et_pb_text _builder_version=\u00bb4.26.1&#8243; _module_preset=\u00bbdefault\u00bb global_colors_info=\u00bb{}\u00bb]<\/p>\n<h1>Comedor Escolar<\/h1>\n<p>[\/et_pb_text][et_pb_blurb title=\u00bbInscripci\u00f3n\u00bb url=\u00bbhttps:\/\/forms.gle\/rq3gspnXazp1B23k7&#8243; url_new_window=\u00bbon\u00bb use_icon=\u00bbon\u00bb font_icon=\u00bb&#x69;||divi||400&#8243; image_icon_width=\u00bb62px\u00bb disabled_on=\u00bbon|on|on\u00bb admin_label=\u00bbInscripci\u00f3n OK\u00bb _builder_version=\u00bb4.26.1&#8243; header_text_align=\u00bbcenter\u00bb header_font_size=\u00bb20px\u00bb max_width_tablet=\u00bb50px\u00bb custom_margin=\u00bb40px|||\u00bb border_radii=\u00bbon|6px|6px|6px|6px\u00bb border_width_all=\u00bb2px\u00bb border_style_all=\u00bbridge\u00bb border_radii_image=\u00bbon|5px|5px|5px|5px\u00bb box_shadow_style=\u00bbpreset1&#8243; icon_font_size=\u00bb62px\u00bb disabled=\u00bbon\u00bb global_colors_info=\u00bb{}\u00bb]<\/p>\n<p style=\"text-align: center;\">Haz clic aqu\u00ed<\/p>\n<p>[\/et_pb_blurb][et_pb_image src=\u00bbhttps:\/\/laorotava.salesianos.edu\/colegio\/wp-content\/uploads\/sites\/2\/2018\/01\/Logo_aramark_h_TM_spot_RGB_300dpi.jpg\u00bb align_tablet=\u00bbcenter\u00bb align_phone=\u00bb\u00bb align_last_edited=\u00bbon|desktop\u00bb admin_label=\u00bbImagen Aramark\u00bb _builder_version=\u00bb4.26.1&#8243; hover_enabled=\u00bb0&#8243; always_center_on_mobile=\u00bbon\u00bb global_colors_info=\u00bb{}\u00bb sticky_enabled=\u00bb0&#8243;][\/et_pb_image][\/et_pb_column][et_pb_column type=\u00bb3_5&#8243; _builder_version=\u00bb4.17.6&#8243; _module_preset=\u00bbdefault\u00bb global_colors_info=\u00bb{}\u00bb][et_pb_text _builder_version=\u00bb4.27.4&#8243; _module_preset=\u00bbdefault\u00bb hover_enabled=\u00bb0&#8243; global_colors_info=\u00bb{}\u00bb admin_label=\u00bbTexto\u00bb sticky_enabled=\u00bb0&#8243;]<\/p>\n<h1>\u00a0<\/h1>\n<p>[\/et_pb_text][et_pb_text _builder_version=\u00bb4.17.6&#8243; background_size=\u00bbinitial\u00bb background_position=\u00bbtop_left\u00bb background_repeat=\u00bbrepeat\u00bb hover_enabled=\u00bb0&#8243; border_style=\u00bbsolid\u00bb global_colors_info=\u00bb{}\u00bb sticky_enabled=\u00bb0&#8243;]<\/p>\n<p>El <strong>comedor escolar<\/strong> es uno de los serivicios complementarios que ofrece el colegio. La elaboraci\u00f3n del men\u00fa diario se realiza en las instalaciones del Centro, gestionada por <strong>ARAMARK,<\/strong> empresa l\u00edder en el sector con prestigio mundial, donde cada d\u00eda se elabora la comida del men\u00fa propuesto por los dietista de la empresa, con disposici\u00f3n de men\u00fas especiales para ni\u00f1os\/as con alergias, intolerancias, etc.<\/p>\n<h2>\u00a0<\/h2>\n<p>[\/et_pb_text][et_pb_blurb title=\u00bbMen\u00fa del mes\u00bb url=\u00bbhttps:\/\/www.elgustodecrecer.es\/Menus\/Colegio\/1356&#8243; url_new_window=\u00bbon\u00bb use_icon=\u00bbon\u00bb font_icon=\u00bb&#xe025;||divi||400&#8243; image_icon_width=\u00bb62px\u00bb admin_label=\u00bbMen\u00fa\u00bb _builder_version=\u00bb4.26.1&#8243; header_text_align=\u00bbcenter\u00bb header_font_size=\u00bb20px\u00bb max_width_tablet=\u00bb50px\u00bb custom_margin=\u00bb40px|||\u00bb border_radii=\u00bbon|6px|6px|6px|6px\u00bb border_width_all=\u00bb2px\u00bb border_style_all=\u00bbridge\u00bb border_radii_image=\u00bbon|5px|5px|5px|5px\u00bb box_shadow_style=\u00bbpreset1&#8243; icon_font_size=\u00bb62px\u00bb global_colors_info=\u00bb{}\u00bb]<\/p>\n<p style=\"text-align: center;\">Accede al men\u00fa del mes.<\/p>\n<p>[\/et_pb_blurb][et_pb_tabs admin_label=\u00bbPesta\u00f1as: \u00bb _builder_version=\u00bb4.27.4&#8243; _module_preset=\u00bbdefault\u00bb global_colors_info=\u00bb{}\u00bb][et_pb_tab title=\u00bbInicio\u00bb _builder_version=\u00bb4.27.4&#8243; _module_preset=\u00bbdefault\u00bb global_colors_info=\u00bb{}\u00bb]<\/p>\n<p>El servicio de comedor comenzar\u00e1 el primer d\u00eda del curso escolar, excepto los alumnos de 3 a\u00f1os, ya que estar\u00e1n en el periodo de adaptaci\u00f3n.<\/p>\n<p>&nbsp;<\/p>\n<p>[\/et_pb_tab][et_pb_tab title=\u00bbHorarios\u00bb _builder_version=\u00bb4.27.4&#8243; _module_preset=\u00bbdefault\u00bb global_colors_info=\u00bb{}\u00bb]<\/p>\n<ul>\n<li>Horario habitual: 14:00 h &#8211; 16:00 h.<\/li>\n<li>Horario reducido (en septiembre y junio) 13.00h &#8211; 15.00 h.<\/li>\n<\/ul>\n<p><b>Nota:\u00a0<\/b>S\u00f3lo se podr\u00e1 salir del centro con un margen de media hora antes de los horarios establecidos.\u00a0Es necesaria la autorizaci\u00f3n a otras personas y la identificaci\u00f3n de \u00e9stas con su DNI para la recogida del alumnado por alguien que no sean sus\u00a0 progenitores o tutores legales.<\/p>\n<p>[\/et_pb_tab][et_pb_tab title=\u00bbForma de pago\u00bb _builder_version=\u00bb4.26.1&#8243; _module_preset=\u00bbdefault\u00bb global_colors_info=\u00bb{}\u00bb]<\/p>\n<p><strong>FORMA DE PAGO.<\/strong><\/p>\n<ul>\n<li>Se realizar\u00e1 el pago por adelantado.<\/li>\n<li>El importe de la mensualidad se abonara\u0301 dentro de los cinco primeros di\u0301as del mes.<\/li>\n<li>En caso de ausencia, el coste del d\u00eda se descontar\u00e1 de la mensualidad del mes siguiente o se devolver\u00e1, siempre y cuando sea comunicado antes de las 10:00h del mismo d\u00eda, a\u00a0trav\u00e9s del correo electr\u00f3nico\u00a0<a href=\"mailto:extraescolares@laorotava.salesianos.edu\" target=\"_blank\" rel=\"noopener\">extraescolares@laorotava.<wbr \/>salesianos.edu<\/a>\u00a0o por medio de Qualitas Educativa a: Kevin Noda Romero.<\/li>\n<\/ul>\n<p><strong>COSTE DEL SERVICIO.<\/strong><\/p>\n<ul>\n<li>Mensualidad:\u00a08,5 \u20ac el d\u00eda.<\/li>\n<li>D\u00edas sueltos:\u00a0<b>9,5 \u20ac el d\u00eda.<\/b><\/li>\n<\/ul>\n<p>[\/et_pb_tab][\/et_pb_tabs][\/et_pb_column][\/et_pb_row][et_pb_row _builder_version=\u00bb4.17.6&#8243; _module_preset=\u00bbdefault\u00bb global_colors_info=\u00bb{}\u00bb][et_pb_column type=\u00bb4_4&#8243; _builder_version=\u00bb4.17.6&#8243; _module_preset=\u00bbdefault\u00bb global_colors_info=\u00bb{}\u00bb][\/et_pb_column][\/et_pb_row][et_pb_row _builder_version=\u00bb4.17.6&#8243; _module_preset=\u00bbdefault\u00bb global_colors_info=\u00bb{}\u00bb][et_pb_column type=\u00bb4_4&#8243; _builder_version=\u00bb4.17.6&#8243; _module_preset=\u00bbdefault\u00bb global_colors_info=\u00bb{}\u00bb][et_pb_text admin_label=\u00bbAcogida Matinal\u00bb _builder_version=\u00bb4.26.1&#8243; _module_preset=\u00bbdefault\u00bb global_colors_info=\u00bb{}\u00bb]<\/p>\n<h1>Acogida Matinal<\/h1>\n<p>[\/et_pb_text][\/et_pb_column][\/et_pb_row][et_pb_row column_structure=\u00bb2_5,3_5&#8243; _builder_version=\u00bb4.17.6&#8243; _module_preset=\u00bbdefault\u00bb box_shadow_style=\u00bbpreset1&#8243; global_colors_info=\u00bb{}\u00bb][et_pb_column type=\u00bb2_5&#8243; _builder_version=\u00bb4.17.6&#8243; _module_preset=\u00bbdefault\u00bb global_colors_info=\u00bb{}\u00bb][et_pb_blurb title=\u00bbInscripci\u00f3n\u00bb url=\u00bbhttps:\/\/forms.gle\/rq3gspnXazp1B23k7&#8243; url_new_window=\u00bbon\u00bb use_icon=\u00bbon\u00bb font_icon=\u00bb&#x69;||divi||400&#8243; icon_placement=\u00bbleft\u00bb image_icon_width=\u00bb62px\u00bb admin_label=\u00bbInscripci\u00f3n OK\u00bb _builder_version=\u00bb4.26.1&#8243; header_text_align=\u00bbleft\u00bb header_font_size=\u00bb20px\u00bb max_width_tablet=\u00bb50px\u00bb custom_margin=\u00bb40px|||\u00bb animation_style=\u00bbzoom\u00bb border_radii=\u00bbon|6px|6px|6px|6px\u00bb border_width_all=\u00bb2px\u00bb border_style_all=\u00bboutset\u00bb border_radii_image=\u00bbon|5px|5px|5px|5px\u00bb box_shadow_style=\u00bbpreset1&#8243; icon_font_size=\u00bb62px\u00bb global_colors_info=\u00bb{}\u00bb]<\/p>\n<p style=\"text-align: left;\">Ap\u00fantate aqu\u00ed<\/p>\n<p>[\/et_pb_blurb][et_pb_text _builder_version=\u00bb4.26.1&#8243; _module_preset=\u00bbdefault\u00bb global_colors_info=\u00bb{}\u00bb]<\/p>\n<p>El horario de la acogida matinal ser\u00e1 desde las 7:00 hasta las 8:55. Hay tres modalidades de horarios diferentes, existiendo tambi\u00e9n la posibilidad de acudir <strong>d\u00edas sueltos<\/strong>, abonando <strong>2\u20ac\/d\u00eda<\/strong>.\u00a0Dichos turnos tendr\u00e1n un horario espec\u00edfico de entrada, tras el cual se cerrar\u00e1n las puertas del Centro hasta el siguiente turno.<\/p>\n<p>El comienzo del servicio ser\u00e1 el d\u00eda\u00a0<b>9\u00a0de septiembre<\/b>, excepto para el alumnado de\u00a0<b>3 a\u00f1os<\/b>, que comenzar\u00e1 el d\u00eda\u00a0<b>16 de septiembre<\/b>.<\/p>\n<p>[\/et_pb_text][\/et_pb_column][et_pb_column type=\u00bb3_5&#8243; _builder_version=\u00bb4.17.6&#8243; _module_preset=\u00bbdefault\u00bb global_colors_info=\u00bb{}\u00bb][et_pb_text _builder_version=\u00bb4.26.1&#8243; _module_preset=\u00bbdefault\u00bb global_colors_info=\u00bb{}\u00bb]<\/p>\n<p><strong>MES DE SEPTIEMBRE Y JUNIO.<\/strong><\/p>\n<table style=\"height: 116px;\" border=\"1\" width=\"773\">\n<tbody>\n<tr>\n<td style=\"width: 236.875px; text-align: center;\"><span style=\"color: #ff0000;\"><strong>C\u00d3DIGO<\/strong><\/span><\/td>\n<td style=\"width: 289.5px; text-align: center;\"><span style=\"color: #ff0000;\"><strong>HORARIO DE ENTRADA<\/strong><\/span><\/td>\n<td style=\"width: 224.625px; text-align: center;\"><span style=\"color: #ff0000;\"><strong>PRECIO<\/strong><\/span><\/td>\n<\/tr>\n<tr>\n<td style=\"width: 236.875px; text-align: center;\">1\u00ba TURNO<\/td>\n<td style=\"width: 289.5px; text-align: center;\">7:00 \u2013 7:15<\/td>\n<td style=\"width: 224.625px; text-align: center;\">30\u20ac<\/td>\n<\/tr>\n<tr>\n<td style=\"width: 236.875px; text-align: center;\">2\u00ba TURNO<\/td>\n<td style=\"width: 289.5px; text-align: center;\">7:45 \u2013 8:00<\/td>\n<td style=\"width: 224.625px; text-align: center;\">20\u20ac<\/td>\n<\/tr>\n<tr>\n<td style=\"width: 236.875px; text-align: center;\">3\u00ba TURNO<\/td>\n<td style=\"width: 289.5px; text-align: center;\">8:15 \u2013 8:30<\/td>\n<td style=\"width: 224.625px; text-align: center;\">10\u20ac<\/td>\n<\/tr>\n<\/tbody>\n<\/table>\n<p>&nbsp;<\/p>\n<p><strong>DE OCTUBRE A MAYO<\/strong><\/p>\n<table style=\"height: 126px;\" border=\"1\" width=\"775\">\n<tbody>\n<tr>\n<td style=\"width: 237.5px; text-align: center;\"><span style=\"color: #ff0000;\"><strong>C\u00d3DIGO<\/strong><\/span><\/td>\n<td style=\"width: 290.266px; text-align: center;\"><span style=\"color: #ff0000;\"><strong>HORARIO DE ENTRADA<\/strong><\/span><\/td>\n<td style=\"width: 225.234px; text-align: center;\"><span style=\"color: #ff0000;\"><strong>PRECIO<\/strong><\/span><\/td>\n<\/tr>\n<tr>\n<td style=\"width: 237.5px; text-align: center;\">1\u00ba TURNO<\/td>\n<td style=\"width: 290.266px; text-align: center;\">7:00 \u2013 7:15<\/td>\n<td style=\"width: 225.234px; text-align: center;\">44\u20ac<\/td>\n<\/tr>\n<tr>\n<td style=\"width: 237.5px; text-align: center;\">2\u00ba TURNO<\/td>\n<td style=\"width: 290.266px; text-align: center;\">7:45 \u2013 8:00<\/td>\n<td style=\"width: 225.234px; text-align: center;\">32\u20ac<\/td>\n<\/tr>\n<tr>\n<td style=\"width: 237.5px; text-align: center;\">3\u00ba TURNO<\/td>\n<td style=\"width: 290.266px; text-align: center;\">8:15 \u2013 8:30<\/td>\n<td style=\"width: 225.234px; text-align: center;\">14\u20ac<\/td>\n<\/tr>\n<\/tbody>\n<\/table>\n<p>[\/et_pb_text][\/et_pb_column][\/et_pb_row][et_pb_row _builder_version=\u00bb4.16&#8243; global_colors_info=\u00bb{}\u00bb][et_pb_column type=\u00bb4_4&#8243; _builder_version=\u00bb4.16&#8243; global_colors_info=\u00bb{}\u00bb][et_pb_image src=\u00bbhttps:\/\/laorotava.salesianos.edu\/colegio\/wp-content\/uploads\/sites\/2\/2020\/09\/FOLLETO-AAEE-2020_2021-5.jpg\u00bb disabled_on=\u00bbon|on|on\u00bb _builder_version=\u00bb4.16&#8243; disabled=\u00bbon\u00bb global_colors_info=\u00bb{}\u00bb][\/et_pb_image][\/et_pb_column][\/et_pb_row][et_pb_row disabled_on=\u00bbon|on|on\u00bb admin_label=\u00bbPREGUNTAS FRECUNTES\u00bb _builder_version=\u00bb4.16&#8243; custom_margin=\u00bb|||\u00bb custom_padding=\u00bb25px|0px|23.96875px|0px\u00bb disabled=\u00bbon\u00bb global_colors_info=\u00bb{}\u00bb][et_pb_column type=\u00bb4_4&#8243; _builder_version=\u00bb4.16&#8243; custom_padding=\u00bb|||\u00bb global_colors_info=\u00bb{}\u00bb custom_padding__hover=\u00bb|||\u00bb][et_pb_text _builder_version=\u00bb4.16&#8243; text_font=\u00bb||||\u00bb text_font_size=\u00bb21px\u00bb header_font=\u00bb||||\u00bb header_font_size=\u00bb44px\u00bb background_color=\u00bb#e02b20&#8243; background_layout=\u00bbdark\u00bb custom_margin=\u00bb25px|||\u00bb custom_padding=\u00bb20px||10px|\u00bb global_colors_info=\u00bb{}\u00bb]<\/p>\n<h2>\u00a0 \u00a0 PREGUNTAS FRECUENTES<\/h2>\n<p>[\/et_pb_text][et_pb_accordion _builder_version=\u00bb4.16&#8243; toggle_text_color=\u00bb#dc001b\u00bb toggle_font_size=\u00bb17px\u00bb border_width_all=\u00bb0px\u00bb border_color_all=\u00bb#e5e5e5&#8243; use_border_color=\u00bbon\u00bb global_colors_info=\u00bb{}\u00bb][et_pb_accordion_item title=\u00bb\u00bfC\u00f3mo solicito la inscripci\u00f3n al servicio?\u00bb open=\u00bbon\u00bb _builder_version=\u00bb4.16&#8243; text_orientation=\u00bbleft\u00bb module_alignment=\u00bbleft\u00bb global_colors_info=\u00bb{}\u00bb]A trav\u00e9s de porter\u00eda podr\u00e1s solicitar la inscripci\u00f3n o solicitud de baja del servicio.<br \/>\n[\/et_pb_accordion_item][et_pb_accordion_item title=\u00bb\u00bfCu\u00e1nto cuesta el men\u00fa?\u00bb _builder_version=\u00bb4.16&#8243; text_orientation=\u00bbleft\u00bb module_alignment=\u00bbleft\u00bb global_colors_info=\u00bb{}\u00bb open=\u00bboff\u00bb]El precio del men\u00fa diario es de 7\u20ac, que incluye la comida y el servicio de monitores que se responsabilizan del cuidado de los alumnos.<\/p>\n<p>Tambi\u00e9n puedes adquirir bonos diarios al precio de 8\u20ac y un bono de 10 comidas por el precio de 70\u20ac.<br \/>\n[\/et_pb_accordion_item][et_pb_accordion_item title=\u00bb\u00bfC\u00f3mo solicito un men\u00fa especial?\u00bb _builder_version=\u00bb4.16&#8243; global_colors_info=\u00bb{}\u00bb open=\u00bboff\u00bb]Ponte en contacto con la porter\u00eda del Centro para hacer tu comunicaci\u00f3n.<br \/>\n[\/et_pb_accordion_item][et_pb_accordion_item title=\u00bb\u00bfC\u00f3mo se realizan el pago?\u00bb _builder_version=\u00bb4.16&#8243; global_colors_info=\u00bb{}\u00bb open=\u00bboff\u00bb]Se realiza mediante domicilaici\u00f3n bancaria, para aquellas familias familias que hagan un uso habitual del servicio.<br \/>\n[\/et_pb_accordion_item][et_pb_accordion_item title=\u00bb\u00bfQu\u00e9 horario tiene el servicio?\u00bb _builder_version=\u00bb4.16&#8243; global_colors_info=\u00bb{}\u00bb open=\u00bboff\u00bb]El servicio comienza a las 14.00 horas con la comida y finaliza a las 15.30 horas con la apertura de puertas para la recogida por las familias.<br \/>\n[\/et_pb_accordion_item][et_pb_accordion_item title=\u00bb\u00bfY si mi hijo\/a va a una actividad extraescolar?\u00bb _builder_version=\u00bb4.16&#8243; global_colors_info=\u00bb{}\u00bb open=\u00bboff\u00bb]Los monitores del comedor se encargar\u00e1n de llevar a los alumnos hasta la actividad extraescolar.<br \/>\n[\/et_pb_accordion_item][\/et_pb_accordion][\/et_pb_column][\/et_pb_row][\/et_pb_section]<\/p>\n<!-- AddThis Advanced Settings generic via filter on the_content --><!-- AddThis Share Buttons generic via filter on the_content -->","protected":false},"excerpt":{"rendered":"<p>Estimadas familias: Tal y como se\u00f1ala el art\u00edculo 6 de la Orden de 20 de junio de 2007, los servicios escolares que se organizan en el centro tienen car\u00e1cter voluntario, aseguran la no discriminaci\u00f3n para ning\u00fan miembro de la comunidad educativa y no tienen car\u00e1cter lucrativo. A continuaci\u00f3n, ofrecemos informaci\u00f3n sobre nuestra oferta de comedor [&hellip;]<\/p>\n<p><!-- AddThis Advanced Settings generic via filter on get_the_excerpt --><!-- AddThis Share Buttons generic via filter on get_the_excerpt --><\/p>\n","protected":false},"author":3,"featured_media":0,"parent":0,"menu_order":0,"comment_status":"closed","ping_status":"closed","template":"","meta":{"_et_pb_use_builder":"on","_et_pb_old_content":"","_et_gb_content_width":"","footnotes":""},"class_list":["post-7837","page","type-page","status-publish","hentry"],"yoast_head":"<!-- This site is optimized with the Yoast SEO plugin v27.4 - https:\/\/yoast.com\/product\/yoast-seo-wordpress\/ -->\n<title>Comedor escolar - Colegio Salesiano San Isidro<\/title>\n<meta name=\"robots\" content=\"index, follow, max-snippet:-1, max-image-preview:large, max-video-preview:-1\" \/>\n<link rel=\"canonical\" href=\"https:\/\/laorotava.salesianos.edu\/colegio\/comedor-escolar\/\" \/>\n<meta property=\"og:locale\" content=\"es_ES\" \/>\n<meta property=\"og:type\" content=\"article\" \/>\n<meta property=\"og:title\" content=\"Comedor escolar - Colegio Salesiano San Isidro\" \/>\n<meta property=\"og:description\" content=\"Estimadas familias: Tal y como se\u00f1ala el art\u00edculo 6 de la Orden de 20 de junio de 2007, los servicios escolares que se organizan en el centro tienen car\u00e1cter voluntario, aseguran la no discriminaci\u00f3n para ning\u00fan miembro de la comunidad educativa y no tienen car\u00e1cter lucrativo. A continuaci\u00f3n, ofrecemos informaci\u00f3n sobre nuestra oferta de comedor [&hellip;]\" \/>\n<meta property=\"og:url\" content=\"https:\/\/laorotava.salesianos.edu\/colegio\/comedor-escolar\/\" \/>\n<meta property=\"og:site_name\" content=\"Colegio Salesiano San Isidro\" \/>\n<meta property=\"article:modified_time\" content=\"2026-03-18T09:40:57+00:00\" \/>\n<meta name=\"twitter:card\" content=\"summary_large_image\" \/>\n<meta name=\"twitter:label1\" content=\"Tiempo de lectura\" \/>\n\t<meta name=\"twitter:data1\" content=\"3 minutos\" \/>\n<script type=\"application\/ld+json\" class=\"yoast-schema-graph\">{\"@context\":\"https:\\\/\\\/schema.org\",\"@graph\":[{\"@type\":\"WebPage\",\"@id\":\"https:\\\/\\\/laorotava.salesianos.edu\\\/colegio\\\/comedor-escolar\\\/\",\"url\":\"https:\\\/\\\/laorotava.salesianos.edu\\\/colegio\\\/comedor-escolar\\\/\",\"name\":\"Comedor escolar - Colegio Salesiano San Isidro\",\"isPartOf\":{\"@id\":\"https:\\\/\\\/laorotava.salesianos.edu\\\/colegio\\\/#website\"},\"datePublished\":\"2018-01-29T08:25:59+00:00\",\"dateModified\":\"2026-03-18T09:40:57+00:00\",\"breadcrumb\":{\"@id\":\"https:\\\/\\\/laorotava.salesianos.edu\\\/colegio\\\/comedor-escolar\\\/#breadcrumb\"},\"inLanguage\":\"es\",\"potentialAction\":[{\"@type\":\"ReadAction\",\"target\":[\"https:\\\/\\\/laorotava.salesianos.edu\\\/colegio\\\/comedor-escolar\\\/\"]}]},{\"@type\":\"BreadcrumbList\",\"@id\":\"https:\\\/\\\/laorotava.salesianos.edu\\\/colegio\\\/comedor-escolar\\\/#breadcrumb\",\"itemListElement\":[{\"@type\":\"ListItem\",\"position\":1,\"name\":\"Portada\",\"item\":\"https:\\\/\\\/laorotava.salesianos.edu\\\/colegio\\\/\"},{\"@type\":\"ListItem\",\"position\":2,\"name\":\"Comedor escolar\"}]},{\"@type\":\"WebSite\",\"@id\":\"https:\\\/\\\/laorotava.salesianos.edu\\\/colegio\\\/#website\",\"url\":\"https:\\\/\\\/laorotava.salesianos.edu\\\/colegio\\\/\",\"name\":\"Colegio Salesiano San Isidro\",\"description\":\"P\u00e1gina oficial Colegio Salesiano San Isidro\",\"potentialAction\":[{\"@type\":\"SearchAction\",\"target\":{\"@type\":\"EntryPoint\",\"urlTemplate\":\"https:\\\/\\\/laorotava.salesianos.edu\\\/colegio\\\/?s={search_term_string}\"},\"query-input\":{\"@type\":\"PropertyValueSpecification\",\"valueRequired\":true,\"valueName\":\"search_term_string\"}}],\"inLanguage\":\"es\"}]}<\/script>\n<!-- \/ Yoast SEO plugin. -->","yoast_head_json":{"title":"Comedor escolar - Colegio Salesiano San Isidro","robots":{"index":"index","follow":"follow","max-snippet":"max-snippet:-1","max-image-preview":"max-image-preview:large","max-video-preview":"max-video-preview:-1"},"canonical":"https:\/\/laorotava.salesianos.edu\/colegio\/comedor-escolar\/","og_locale":"es_ES","og_type":"article","og_title":"Comedor escolar - Colegio Salesiano San Isidro","og_description":"Estimadas familias: Tal y como se\u00f1ala el art\u00edculo 6 de la Orden de 20 de junio de 2007, los servicios escolares que se organizan en el centro tienen car\u00e1cter voluntario, aseguran la no discriminaci\u00f3n para ning\u00fan miembro de la comunidad educativa y no tienen car\u00e1cter lucrativo. A continuaci\u00f3n, ofrecemos informaci\u00f3n sobre nuestra oferta de comedor [&hellip;]","og_url":"https:\/\/laorotava.salesianos.edu\/colegio\/comedor-escolar\/","og_site_name":"Colegio Salesiano San Isidro","article_modified_time":"2026-03-18T09:40:57+00:00","twitter_card":"summary_large_image","twitter_misc":{"Tiempo de lectura":"3 minutos"},"schema":{"@context":"https:\/\/schema.org","@graph":[{"@type":"WebPage","@id":"https:\/\/laorotava.salesianos.edu\/colegio\/comedor-escolar\/","url":"https:\/\/laorotava.salesianos.edu\/colegio\/comedor-escolar\/","name":"Comedor escolar - Colegio Salesiano San Isidro","isPartOf":{"@id":"https:\/\/laorotava.salesianos.edu\/colegio\/#website"},"datePublished":"2018-01-29T08:25:59+00:00","dateModified":"2026-03-18T09:40:57+00:00","breadcrumb":{"@id":"https:\/\/laorotava.salesianos.edu\/colegio\/comedor-escolar\/#breadcrumb"},"inLanguage":"es","potentialAction":[{"@type":"ReadAction","target":["https:\/\/laorotava.salesianos.edu\/colegio\/comedor-escolar\/"]}]},{"@type":"BreadcrumbList","@id":"https:\/\/laorotava.salesianos.edu\/colegio\/comedor-escolar\/#breadcrumb","itemListElement":[{"@type":"ListItem","position":1,"name":"Portada","item":"https:\/\/laorotava.salesianos.edu\/colegio\/"},{"@type":"ListItem","position":2,"name":"Comedor escolar"}]},{"@type":"WebSite","@id":"https:\/\/laorotava.salesianos.edu\/colegio\/#website","url":"https:\/\/laorotava.salesianos.edu\/colegio\/","name":"Colegio Salesiano San Isidro","description":"P\u00e1gina oficial Colegio Salesiano San Isidro","potentialAction":[{"@type":"SearchAction","target":{"@type":"EntryPoint","urlTemplate":"https:\/\/laorotava.salesianos.edu\/colegio\/?s={search_term_string}"},"query-input":{"@type":"PropertyValueSpecification","valueRequired":true,"valueName":"search_term_string"}}],"inLanguage":"es"}]}},"_links":{"self":[{"href":"https:\/\/laorotava.salesianos.edu\/colegio\/wp-json\/wp\/v2\/pages\/7837","targetHints":{"allow":["GET"]}}],"collection":[{"href":"https:\/\/laorotava.salesianos.edu\/colegio\/wp-json\/wp\/v2\/pages"}],"about":[{"href":"https:\/\/laorotava.salesianos.edu\/colegio\/wp-json\/wp\/v2\/types\/page"}],"author":[{"embeddable":true,"href":"https:\/\/laorotava.salesianos.edu\/colegio\/wp-json\/wp\/v2\/users\/3"}],"replies":[{"embeddable":true,"href":"https:\/\/laorotava.salesianos.edu\/colegio\/wp-json\/wp\/v2\/comments?post=7837"}],"version-history":[{"count":40,"href":"https:\/\/laorotava.salesianos.edu\/colegio\/wp-json\/wp\/v2\/pages\/7837\/revisions"}],"predecessor-version":[{"id":10732,"href":"https:\/\/laorotava.salesianos.edu\/colegio\/wp-json\/wp\/v2\/pages\/7837\/revisions\/10732"}],"wp:attachment":[{"href":"https:\/\/laorotava.salesianos.edu\/colegio\/wp-json\/wp\/v2\/media?parent=7837"}],"curies":[{"name":"wp","href":"https:\/\/api.w.org\/{rel}","templated":true}]}}